2*q - 2. Let w be d(-3). Suppose -32 = 2*u - 3*g, 2*u + u + 2*g = -35. Let p = u + w. What is the tens digit of p?
2
Suppose 14*z - 4560 = 4*z. What is the tens digit of z?
5
Let b(o) = 4*o**2 - 11*o. Let r be b(3). Suppose -t = r*t - 340. What is the tens digit of t?
8
Suppose -2*b - 5*y + 5307 = 0, -4*b + 5183 = -2*y - 5443. What is the tens digit of b?
5
Suppose -4*x - 115 = -7. What is the units digit of (-3894)/x - 6/27?
4
What is the tens digit of 7 + 5/10*-8 - -2293?
9
Let h(y) = 53*y**2 - 13*y - 43. What is the units digit of h(-4)?
7
Let s = 454 - -43. What is the tens digit of s?
9
Let o(s) = 4*s. Let x(k) = k - 1. Let z(w) = -o(w) - 24*x(w). Let d be z(-7). Let r = d - 148. What is the tens digit of r?
7
Let q(m) = 30*m - 1. Suppose -n + 4 = 3*n. What is the tens digit of q(n)?
2
Let j(r) = 10*r**2 + 3*r + 42. What is the tens digit of j(-6)?
8
Let l(c) = c**3 - 5*c**2 - 7*c + 6. Suppose u - m = 1, -34 = -u - 3*u - 2*m. Let g be l(u). Suppose g*n - 22 = -n. What is the tens digit of n?
2
Let v(m) = -m**2 - 6*m + 10. Let s be v(-6). Let y = -18 + s. Let r(h) = -4*h - 1. What is the units digit of r(y)?
1
What is the units digit of (-2432)/(-5) - (-11 + (-114)/(-10))?
6
Let z be ((-2)/4)/((-1)/10). Suppose -3*v - 212 = -z*v. What is the hundreds digit of v?
1
Suppose 0 = -4*h + 1253 + 2811. What is the thousands digit of h?
1
Let g(v) = 107*v**2 - 4 - 53*v**2 + 7*v - 52*v**2. What is the units digit of g(4)?
6
Let f(u) = -2*u - 36. Let w be f(-18). Suppose 11*q - 6*q - 505 = w. What is the hundreds digit of q?
1
Let k = -4 - -4. Suppose -s + 2*o + 1 = k, -4*s - 48 = 7*o - 2*o. Let b = s - -9. What is the units digit of b?
2
Suppose -10*x + 7*x = -2*s + 8636, 3*s - 12947 = x. What is the tens digit of s?
1
Let b = -4 + 4. Suppose -3*x + i + 1 = b, 0 = -0*x + x - 4*i - 4. Suppose -3*u - 2*c + 52 + 42 = x, -4*u + c + 129 = 0. What is the units digit of u?
2
What is the hundreds digit of -11 + 7 - -839 - -3?
8
Let k = 10 + 31. Let c = 59 - k. What is the units digit of 2 + c - 3 - 3?
4
Suppose -1 = -x + n - 2*n, -2*x - 2 = -2*n. Let s be 0 + -3 - x - 2. What is the units digit of (-6 - s)/((-1)/24)?
4
Suppose -4*i = -2*i - 2. Suppose 5*z + 30 = w, -4 = -5*z + i. What is the units digit of w?
5
Let i = 640 + 108. What is the tens digit of i?
4
What is the thousands digit of 30896/(-8)*2/(-4)?
1
Let m be (-1 - 7)/4 - 0/2. What is the tens digit of (m + (-51)/(-4))/(4/16)?
4
Let i(f) = 10*f**3 + 31*f**2 + 18*f + 8. Let n(l) = 7*l**3 + 21*l**2 + 12*l + 5. Let p(s) = 5*i(s) - 7*n(s). Let r = -19 + 15. What is the units digit of p(r)?
5
Let p(g) = g**2 + 7*g - 12. Let w be p(-10). Let z = w - 24. What is the units digit of (z/5)/((-3)/20)?
8
Let s(c) = c**3 + 12*c**2 + 11*c - 4. Let h be s(-9). Suppose 0 = 13*r - 15*r + h. What is the tens digit of r?
7
Let l be ((-26)/6)/(4/(-36)). Suppose -2*x + 0*a = a - 3, 5*a - 15 = 5*x. Suppose x + l = y. What is the tens digit of y?
3
What is the hundreds digit of ((-918)/81)/((-1)/39) + 2?
4
Suppose 3289 = 8*l - 5543. What is the thousands digit of l?
1
Suppose 0 = j + 4*l + 6, -4*l + 8 = -0*l. Let t = -14 - j. Suppose -2*w + 4*w - 44 = t. What is the tens digit of w?
2
Let o(f) be the second derivative of f**4/4 + 4*f**3/3 - 2*f**2 - f - 14. Let a(l) = -l**3 + 2*l - 2. Let k be a(2). What is the units digit of o(k)?
6
Suppose -19*t + 646 = -17*t. What is the units digit of t?
3
Let w be 1/5 + 103032/(-135). Let t = -439 - w. What is the hundreds digit of t?
3
Let r = 10 - 24. Suppose -15 = -g + 3*o, -o = g + o - 15. Let k = r + g. What is the units digit of k?
1
Suppose 10335 = 5*p - 5*t, -2*t = -3*t. What is the tens digit of p?
6
Let i(z) = -21*z - 7. Let l be i(-4). Let j = 192 - l. What is the units digit of j?
5
Let q be 2 + 2 + -3 - -2. Suppose -5*n + p = -q - 7, -4*p = -3*n + 6. What is the tens digit of 47/(n/(-2 + 4))?
4
What is the hundreds digit of (-503848)/(-168) - ((-4)/(-42) + 0)?
9
Let n(m) = -7*m**2 + 15*m + 42. Let z(d) = 13*d**2 - 29*d - 83. Let t(x) = 11*n(x) + 6*z(x). What is the units digit of t(-8)?
0
Let q(w) = -w**2 - 6*w. Let h be q(-5). Suppose 3*b - 4*b - h = 0. Let s(z) = -z**2 - 8*z - 7. What is the units digit of s(b)?
8
Let d = -185 + 681. What is the hundreds digit of d?
4
What is the thousands digit of (-81)/(-4)*(-47)/(517/(-1540))?
2
Suppose 0 = -4*p - 2*a + 326, 81 = p - 5*a + 16. Suppose 9*f + p = 11*f. Suppose -5*k - 4*o - o + f = 0, -2*k = -2*o - 24. What is the tens digit of k?
1
Let b(f) = -198*f + 70. What is the tens digit of b(-3)?
6
Let d be 3*12/90 - (-1276)/10. Let p = d - 76. What is the tens digit of p?
5
Suppose 0 = -3*d - 18 + 114. What is the units digit of d - -1 - (-1 - (-3 + 2))?
3
Let c = -3602 - -5544. What is the thousands digit of c?
1
Let n = 3990 + -2839. What is the thousands digit of n?
1
Let o = 9 - 25. Let d = -11 - o. Suppose -2*v = -d*r + 19, -v - 2 = -0*v. What is the units digit of r?
3
Suppose 19*x - 4864 = 16796. What is the thousands digit of x?
1
Suppose -2*c + 0*c - 18 = 0. Let r(j) = -5*j + 5. Let d be r(c). Suppose -t = 11 - d. What is the units digit of t?
9
Suppose 0 = 18*z - 50594 - 31936. What is the hundreds digit of z?
5
Let s = -3595 + 7117. What is the hundreds digit of s?
5
Suppose -12 = -4*u + d + 63, -2*d + 2 = 0. Suppose -v + 42 = -5*l - u, -4*l + 43 = v. What is the units digit of v?
1
Let d = -54 - -46. What is the hundreds digit of 1 - (5 + d)*46?
1
Suppose 0 = 5*w + 2*n - 60, 2*w = 5*w + 3*n - 27. What is the tens digit of w?
1
What is the thousands digit of (-65250)/(-35) - 2/7?
1
Suppose 4 = -3*a + 16. Let l be (-5)/(5/a) - -3. What is the units digit of 0 + 0/l - -3?
3
Let d be 15306/18 + 2/(-6) + 2. Suppose d - 332 = 5*m. What is the hundreds digit of m?
1
Suppose 3*k + 120 = -2*k. Let g(m) = -m**3 - m**2 + 36. Let v be g(0). Let u = v + k. What is the units digit of u?
2
Suppose 0 = 5*h + 5*h + 720. Let w = 83 - h. What is the tens digit of w?
5
What is the hundreds digit of (-11445)/(-27) - (-39)/351?
4
Let j = 84 - 82. Let y(x) = 17*x - 7. What is the tens digit of y(j)?
2
Suppose 0 = -3*i + i + g + 25, -39 = -3*i + 2*g. Suppose -2*m + 122 = 5*l - l, 2*m = 3*l - 88. Let w = l - i. What is the tens digit of w?
1
Let f(l) = 2*l**3 + 7*l**2 - 7*l + 6. Let g(a) = -8*a**3 - 28*a**2 + 28*a - 24. Let t(z) = -9*f(z) - 2*g(z). What is the units digit of t(-6)?
2
Suppose 0 = 256*h - 254*h - 508. What is the tens digit of h?
5
Suppose -2*u - 3*v + 272 = -v, -4*u + 5*v = -580. Let h = u + -61. What is the units digit of h?
9
What is the tens digit of 5598/8*(-152)/(-57) - -5?
7
Suppose 4*i + 4*h = 2248, -2*h + 2007 + 239 = 4*i. What is the units digit of i?
1
Let n be (-562)/12 - 4/24. Let j = -25 - n. Suppose j = -2*p + 4*p. What is the tens digit of p?
1
Let r(g) = -220*g + 6. What is the hundreds digit of r(-10)?
2
Suppose g + 19 = s - 0, s = -4*g - 61. Suppose -16*w + 12*w = 280. Let l = g - w. What is the units digit of l?
4
Let o = -3841 + 5678. What is the hundreds digit of o?
8
Let q = 48 + -25. Suppose 0 = a - 12 - q. What is the tens digit of 10/a - (-208)/7?
3
Let x(k) = -k**3 + 6*k**2 + 6*k - 2. Let r be x(4). Suppose 7*h = -2*h + r. What is the units digit of h?
6
Suppose y - 2353 = -4*m + 2500, -2*m + 19468 = 4*y. What is the hundreds digit of y?
8
Suppose 0 = 3*u + 3, 2 = t + 3*u - u. Suppose 2*k + t - 10 = 0. Suppose k*x + 2*w = 78, -4*x + w + 135 - 20 = 0. What is the units digit of x?
8
Suppose -k = -3*b - 0*k + 1320, 0 = 4*k. What is the tens digit of b?
4
Suppose -4*h = -9*h - 70. Let l = -16 - h. What is the units digit of l + (1 - 3 - -19)?
5
Suppose 0 = 3*p + 3*v - 7911, 4*p = -8*v + 13*v + 10530. What is the hundreds digit of p?
6
Let m = 3063 + 359. What is the tens digit of m?
2
What is the tens digit of (6/5)/(-2) + (-77805)/(-175)?
4
Suppose q - 458 = -q. Suppose 2*f - q = -5*y, -4*f + 2*y + 491 = y. What is the units digit of f?
2
Suppose -4*o + 5*o = -12. Let p = 18 + o. Suppose 0 = -m - 2*x + 8, 3*m - 2*x = x + p. What is the units digit of m?
4
Let r(d) = -22*d**3 - d**2 - 2*d - 1. Let o = -1 + 3. Let p = o - 3. What is the units digit of r(p)?
2
Let g = -12 - -15. Suppose -t - g*t = -4*d - 132, 65 = 2*t - d. Let r = t - 1. What is the units digit of r?
1
Suppose -d - d - 16 = 0.